 343 and 749?
7
What is the highest common factor of 52 and 61906?
26
Calculate the greatest common factor of 4761904 and 544.
272
Calculate the greatest common factor of 51600 and 3840.
240
Calculate the greatest common divisor of 5598 and 1555.
311
What is the highest common factor of 1523819 and 22?
11
Calculate the highest common factor of 3277 and 6148.
29
Calculate the highest common factor of 1397 and 18019903.
1397
What is the highest common divisor of 168 and 101496?
24
What is the highest common factor of 20 and 60430?
10
Calculate the highest common divisor of 60175 and 175.
25
Calculate the highest common factor of 660 and 8040.
60
What is the greatest common factor of 48 and 188112?
48
What is the highest common factor of 14157 and 31707?
117
Calculate the greatest common factor of 88 and 2020744.
88
What is the greatest common factor of 2478 and 30090?
354
Calculate the greatest common factor of 1849760 and 660.
220
What is the greatest common divisor of 850797 and 54?
27
What is the highest common factor of 38457 and 153?
9
What is the greatest common divisor of 77362 and 799?
47
Calculate the highest common divisor of 50 and 637280.
10
What is the greatest common divisor of 44224 and 192?
64
Calculate the highest common factor of 12797 and 4489.
67
Calculate the greatest common divisor of 10467 and 9.
9
Calculate the highest common factor of 546 and 381836.
182
Calculate the highest common divisor of 3397 and 2838.
43
What is the highest common factor of 899 and 86707?
31
Calculate the highest common divisor of 2511 and 16362.
81
Calculate the greatest common factor of 20936 and 32.
8
Calculate the highest common factor of 2060 and 2369.
103
Calculate the greatest common divisor of 952 and 782.
34
What is the highest common divisor of 12 and 187188?
12
What is the greatest common divisor of 5466 and 13314?
6
What is the highest common divisor of 374 and 2414?
34
What is the greatest common divisor of 294 and 490770?
42
Calculate the highest common factor of 57 and 96501.
57
Calculate the greatest common divisor of 4490 and 153.
1
Calculate the greatest common divisor of 46 and 2653694.
46
Calculate the highest common factor of 36 and 7143.
3
What is the greatest common divisor of 54 and 26814?
6
Calculate the greatest common factor of 66 and 315975.
33
What is the highest common divisor of 80822 and 154?
14
Calculate the greatest common divisor of 12201 and 2793.
147
Calculate the highest common divisor of 172108 and 68.
68
What is the highest common divisor of 710 and 6958?
142
What is the highest common factor of 213961 and 99?
11
What is the highest common divisor of 26378 and 154?
22
What is the greatest common factor of 44 and 119284?
44
Calculate the highest common factor of 27478360 and 70.
70
Calculate the highest common divisor of 2816 and 21776.
16
Calculate the greatest common factor of 333 and 1179.
9
Calculate the greatest common divisor of 55 and 71104.
11
What is the highest common factor of 22 and 14333?
11
Calculate the greatest common factor of 64438 and 2.
2
What is the greatest common factor of 724 and 1108806?
362
What is the highest common factor of 5797 and 5611?
31
What is the highest common divisor of 706210 and 70?
10
What is the greatest common factor of 468149 and 1089?
121
What is the highest common divisor of 776 and 6790?
194
Calculate the greatest common factor of 19 and 226043.
19
What is the highest common divisor of 893 and 2736?
19
Calculate the greatest common factor of 653265 and 405.
405
Calculate the greatest common factor of 1561788 and 108.
108
Calculate the greatest common divisor of 25 and 499275.
25
What is the greatest common factor of 105 and 50064?
21
Calculate the greatest common factor of 387 and 6381.
9
What is the highest common divisor of 6640 and 8881?
83
What is the greatest common factor of 16 and 1455632?
16
Calculate the highest common divisor of 386 and 2397446.
386
Calculate the highest common factor of 396 and 278828.
44
What is the greatest common divisor of 696 and 437320?
232
Calculate the greatest common factor of 1922 and 3487469.
961
What is the highest common divisor of 1118 and 7224?
86
What is the greatest common divisor of 108 and 185382?
54
What is the greatest common factor of 603036 and 252?
252
What is the highest common divisor of 15314 and 1040?
26
What is the highest common divisor of 330000 and 90?
30
What is the greatest common divisor of 1750090 and 151?
151
Calculate the greatest common factor of 7278752 and 104.
104
What is the highest common divisor of 1020 and 25874?
34
What is the highest common factor of 1056 and 1353?
33
What is the highest common divisor of 3260 and 15760?
20
Calculate the highest common divisor of 188 and 60583.
47
What is the greatest common divisor of 396258 and 99534?
1878
What is the highest common divisor of 1030217 and 17?
17
Calculate the greatest common divisor of 5 and 691.
1
Calculate the highest common divisor of 16270 and 330.
10
Calculate the highest common divisor of 31800 and 1725.
75
What is the highest common divisor of 533 and 143?
13
What is the highest common factor of 108 and 25056?
108
What is the greatest common factor of 1067764 and 327?
109
Calculate the greatest common divisor of 136 and 90900.
4
Calculate the highest common divisor of 4788 and 4144.
28
Calculate the highest common factor of 282 and 136394.
94
Calculate the greatest common divisor of 3477 and 4392610.
1159
Calculate the highest common factor of 10042676 and 28.
28
What is the highest common divisor of 832 and 52?
52
What is the highest common factor of 43498 and 7371?
91
What is the greatest common factor of 13 and 85423?
13
What is the greatest common divisor of 6579 and 40851?
153
Calculate the greatest common factor of 36 and 32728.
4
What is the greatest common factor of 20420 and 300?
20
Calculate the highest common factor of 10163 and 4.
1
Calculate the greatest common divisor of 40 and 17050.
10
Calculate the greatest common factor of 8 and 229972.
4
Calculate the greatest common factor of 13188505 and 61.
61
Calculate the highest common factor of 621 and 86733.
207
What is the highest common divisor of 246918 and 112?
14
Calculate the highest common divisor of 1008 and 89136.
144
Calculate the greatest common factor of 902875 and 18640.
1165
Calculate the greatest common divisor of 372 and 221588.
124
What is the highest common factor of 11975 and 300?
25
Calculate the highest common divisor of 4436124 and 126.
42
What is the highest common factor of 5723466 and 42?
42
What is the greatest common factor of 4615 and 1057190?
355
What is the highest common divisor of 1428 and 672?
84
Calculate the highest common factor of 14166 and 117263.
787
Calculate the highest common factor of 6199937 and 719.
719
What is the greatest common factor of 57304 and 247?
247
What is the greatest common divisor of 6 and 31814?
2
What is the greatest common factor of 27009 and 36?
9
What is the highest common divisor of 17 and 2592568?
17
Calculate the greatest common factor of 1638 and 10183446.
1638
Calculate the highest common divisor of 511832 and 32.
8
What is the greatest common divisor of 44 and 489148?
44
Calculate the highest common factor of 5046 and 15602.
58
What is the highest common factor of 17 and 10744?
17
What is the highest common divisor of 184 and 2381374?
46
What is the highest common factor of 256 and 1544?
8
What is the greatest common factor of 485 and 50731?
97
What is the highest common divisor of 259 and 307433?
259
Calculate the highest common divisor of 50 and 60850.
50
What is the highest common divisor of 370 and 11137?
37
Calculate the greatest common divisor of 93428 and 96.
4
What is the highest common factor of 62450 and 280?
10
What is the greatest common factor of 1554 and 345210?
222
What is the greatest common divisor of 8976 and 5346?
66
What is the greatest common factor of 264 and 2211?
33
What is the greatest common factor of 7712508 and 489?
489
Calculate the greatest common factor of 14064 and 9600.
48
What is the highest common divisor of 1153791 and 906?
453
Calculate the highest common factor of 42 and 97488.
6
Calculate the greatest common divisor of 206 and 16686.
206
Calculate the greate